e number?
False
Is 669 composite?
True
Is 82347 a prime number?
False
Is 10617 composite?
True
Is 50837 a composite number?
True
Is 12373 a composite number?
False
Is 10897 composite?
True
Is 92173 prime?
True
Is 431 a composite number?
False
Is 275521 composite?
False
Is 1161749 a prime number?
True
Is 20833 a composite number?
True
Is 19757 composite?
True
Is 6673 composite?
False
Is 538493 a prime number?
False
Is 44011 composite?
True
Is 2417309 a prime number?
True
Is 638299 a prime number?
False
Is 4187 prime?
False
Is 977083 a prime number?
False
Is 2429923 composite?
False
Is 11113 prime?
True
Is 3314 a prime number?
False
Is 51167 a composite number?
True
Is 29441 a composite number?
True
Is 2446 a prime number?
False
Is 323006 composite?
True
Is 40459 a composite number?
False
Is 5519 a prime number?
True
Is 20617 prime?
False
Is 42429 composite?
True
Is 121 a composite number?
True
Is 52999 a composite number?
False
Is 5713 prime?
False
Is 66403 composite?
False
Is 5153 a prime number?
True
Is 1333 a composite number?
True
Is 1556903 a composite number?
True
Is 10171 prime?
False
Is 94771 a composite number?
False
Is 179345 composite?
True
Is 5519 composite?
False
Is 74581 a prime number?
False
Is 88423 prime?
True
Is 199637 a prime number?
True
Is 3692081 composite?
False
Is 3409 a prime number?
False
Is 245863 composite?
False
Is 417089 composite?
False
Is 1512461 a prime number?
False
Is 853718 a prime number?
False
Is 1415633 composite?
True
Is 24439 a prime number?
True
Is 24317 a composite number?
False
Is 15187 a composite number?
False
Is 63619 a composite number?
True
Is 40879 a prime number?
True
Is 50891 a composite number?
False
Is 214 prime?
False
Is 3223 prime?
False
Is 597743 composite?
True
Is 395482 a composite number?
True
Is 12481 a composite number?
True
Is 248743 composite?
True
Is 43817 a composite number?
True
Is 18451 a composite number?
False
Is 4547 prime?
True
Is 3327289 prime?
False
Is 8726 composite?
True
Is 276869 prime?
True
Is 90014 composite?
True
Is 690873 a prime number?
False
Is 2879 prime?
True
Is 128665 a prime number?
False
Is 9683 prime?
False
Is 48383 composite?
False
Is 115939 a composite number?
True
Is 2289097 a composite number?
True
Is 3566 composite?
True
Is 48631 a prime number?
False
Is 10821 a prime number?
False
Is 499349 composite?
False
Is 705131 a composite number?
True
Is 298553 a composite number?
True
Is 678901 a composite number?
False
Is 15187 a prime number?
True
Is 460451 a prime number?
True
Is 7901 composite?
False
Is 23417 a composite number?
False
Is 69761 a composite number?
False
Is 28201 composite?
False
Is 306239 prime?
True
Is 545669 prime?
False
Is 165343 a composite number?
False
Is 83827 prime?
False
Is 5849 a composite number?
False
Is 19681 composite?
False
Is 14683 composite?
False
Is 869063 a composite number?
True
Is 6343 prime?
True
Is 19277 a prime number?
False
Is 8029771 prime?
True
Is 14783 composite?
False
Is 2537003 composite?
True
Is 129491 a prime number?
True
Is 336437 prime?
True
Is 78305 a composite number?
True
Is 201813 a composite number?
True
Is 27841 prime?
False
Is 389779 composite?
True
Is 3409 composite?
True
Is 4861 composite?
False
Is 480647 a prime number?
True
Is 128969 a composite number?
False
Is 662 composite?
True
Is 402277 composite?
False
Is 3163 composite?
False
Is 23399 a prime number?
True
Is 3943 composite?
False
Is 418969 composite?
True
Is 13579 prime?
False
Is 286243 prime?
True
Is 941 composite?
False
Is 1215349 prime?
True
Is 15769 a composite number?
True
Is 26 a prime number?
False
Is 1194513 a prime number?
False
Is 15539 composite?
True
Is 3915953 composite?
False
Is 29485 prime?
False
Is 359413 a prime number?
False
Is 587 a composite number?
False
Is 141397 prime?
True
Is 11549 prime?
True
Is 3607 a prime number?
True
Is 730189 prime?
False
Is 12898 prime?
False
Is 230699 composite?
True
Is 14702 prime?
False
Is 163 a prime number?
True
Is 27917 a composite number?
False
Is 27743 a prime number?
True
Is 6893 a composite number?
True
Is 2741 a composite number?
False
Is 79 a composite number?
False
Is 1896199 prime?
True
Is 6257 prime?
True
Is 41417 composite?
True
Is 4313 a composite number?
True
Is 31303 a prime number?
False
Is 83653 a composite number?
False
Is 125063 prime?
True
Is 22229 composite?
False
Is 9957 a prime number?
False
Is 134 prime?
False
Is 77641 composite?
False
Is 133053 a prime number?
False
Is 839 a prime number?
True
Is 35729 a prime number?
True
Is 15434 a prime number?
False
Is 10583 prime?
False
Is 35897 prime?
True
Is 8367 composite?
True
Is 839 composite?
False
Is 26927 a prime number?
True
Is 283655 composite?
True
Is 85773 composite?
True
Is 37951 prime?
True
Is 4442 a prime number?
False
Is 1321817 prime?
False
Is 787217 prime?
True
Is 30187 a composite number?
False
Is 3457 a prime number?
True
Is 274259 prime?
True
Is 28501 prime?
False
Is 879 prime?
False
Is 19523 composite?
True
Is 38549 prime?
False
Is 121321 a prime number?
True
Is 2999 a prime number?
True
Is 69229 a composite number?
True
Is 16787 a composite number?
False
Is 464467 a composite number?
False
Is 398863 composite?
False
Is 49255 composite?
True
Is 9643 a prime number?
True
Is 829 prime?
True
Is 47431 a composite number?
False
Is 2661 a composite number?
True
Is 46418 a prime number?
False
Is 719 a prime number?
True
Is 75157 composite?
True
Is 164789 composite?
False
Is 505147 a prime number?
False
Is 195511 a composite number?
False
Is 461507 a prime number?
True
Is 72679 prime?
True
Is 1938419 a prime number?
False
Is 98386 prime?
False
Is 1149037 composite?
False
Is 48979 prime?
False
Is 419983 a composite number?
True
Is 217705 prime?
False
Is 94747 a prime number?
True
Is 93994 composite?
True
Is 2907341 prime?
False
Is 10523 a composite number?
True
Is 673 prime?
True
Is 309799 a composite number?
True
Is 12637 prime?
True
Is 41677 a prime number?
False
Is 474713 prime?
False
Is 465523 prime?
True
Is 319559 a composite number?
True
Is 5919 a composite number?
True
Is 23105 a prime number?
False
Is 12953 a prime number?
True
Is 8953 composite?
True
Is 1046959 prime?
True
Is 361271 prime?
True
Is 301 a prime number?
False
Is 286927 composite?
False
Is 276295 a composite number?
True
Is 2625274 a composite number?
True
Is 203053 a prime number?
False
Is 25901 prime?
False
Is 73981 a prime number?
False
Is 4086941 a prime number?
False
Is 9986 prime?
False
Is 4043 composite?
True
Is 388459 prime?
True
Is 2837431 a composite number?
False
Is 2897 prime?
True
Is 91447 a prime number?
False
Is 24709 prime?
True
Is 18947 a prime number?
True
Is 295 composite?
True
Is 23267 prime?
False
Is 99595 a prime number?
False
Is 13523 a prime number?
True
Is 25183 a prime number?
True
Is 223085 prime?
False
Is 59905 composite?
True
Is 43391 a prime number?
True
Is 10559 composite?
False
Is 154097 composite?
False
Is 14253 prime?
False
Is 1499 composite?
False
Is 9227 prime?
True
Is 54203 a composite number?
True
Is 26903 prime?
True
Is 5129 a composite number?
True
Is 163165 a prime number?
False
Is 21451 composite?
True
Is 73579 a prime number?
False
Is 115961 prime?
False
Is 450122 a prime number?
False
Is 906333 a composite number?
True
Is 21209 a prime number?
False
Is 385773 a prime number?
False
Is 42046 prime?
False
Is 1429523 prime?
True
Is 309877 a prime number?
True
Is 2633 prime?
True
Is 4195 a composite number?
True
Is 451739 a composite number?
True
Is 13327 a prime number?
True
Is 456491 composite?
True
Is 70691 prime?
False
Is 57301 a composite number?
False
Is 125053 prime?
True
Is 280093 a prime number?
False
Is 2561 prime?
False
Is 2022389 composite?
False
Is 158141 composite?
False
Is 52951 a prime number?
True
Is 17693 composite?
True
Is 1766069 prime?
False
Is 556057 a composite number?
True
Is 450451 a composite number?
False
Is 14371 a prime number?
False
Is 106043 prime?
False
Is 6673 a prime number?
True
Is 2589 a composite number?
True
Is 67829 prime?
True
Is 73237 composite?
False
Is 1751681 a composite number?
True
Is 475069 a prime number?
False
Is 1350743 prime?
True
Is 4847 a prime number?
False
Is 2839 a composite number?
True
Is 151486 a prime number?
False
Is 48071 a composite num